. Let u = 149 + -140. Calculate the remainder when a is divided by u.
4
Suppose -d = 5*o - 44, 4*o = -0*d - 4*d + 48. Let l = -499 - -189. What is the remainder when (-2)/(-4)*l/(-1 + -4) is divided by o?
7
Let j be (56 + -55)*5*1. Suppose j*w + 5*h - 40 = 0, w + 30 = 6*w + 3*h. Calculate the remainder when 88 is divided by w.
1
Let x = 5443 + -5339. What is the remainder when 302 is divided by x?
94
Let a(o) = 13*o**2 + 3*o + 1. Let b = 4135 - 4111. What is the remainder when a(-2) is divided by b?
23
Let p(t) = 4*t**2 - 69*t - 312. Calculate the remainder when p(-13) is divided by 75.
61
Suppose 0 = -7*x + 2200 + 1559. Let d = x + -529. What is the remainder when 53 is divided by d?
5
Let q = -11856 - -11870. Calculate the remainder when 2593 is divided by q.
3
Calculate the remainder when -108*27/(-18) - (4 + -14) is divided by 89.
83
Let p = -8 + 12. Suppose 0 = 2*l + p + 2, -5*l - 53 = -2*o. Calculate the remainder when o is divided by ((437/95)/(-23))/(((-8)/(-10))/(-4)).
0
Let v(n) = 2*n - 51. Let g be v(14). Let f = g - -26. Suppose 0 = 2*l + f*s - 93, 4*l - 116 = s + 91. What is the remainder when 152 is divided by l?
50
Let y(p) = -1410*p + 580. What is the remainder when y(-1) is divided by 662?
4
Suppose -26*m - 16*m = -3*m - 1482. What is the remainder when m is divided by 31?
7
Let k = 3788 - 3749. Calculate the remainder when 69 is divided by k.
30
Calculate the remainder when (15 - 21)*395/(-10) is divided by 61.
54
Suppose -256 - 851 = -20*g + 153. What is the remainder when 509 is divided by g?
5
Suppose -4*v + 9 = 2*d - 29, 5*d + v - 86 = 0. Suppose -378 = -d*b + 10*b. What is the remainder when 376 is divided by b?
52
Let g(q) = -264*q + 1839. What is the remainder when g(6) is divided by 139?
116
Let i(g) = 180*g**2 - 43*g - 168. What is the remainder when i(-4) is divided by 78?
76
What is the remainder when 8019 is divided by ((-4)/(-6))/(354/7434)?
11
Suppose -40 = -2*q + 5*j + 35, 4*q - 125 = 5*j. Let i = -23 - -10. Let h = q + i. Calculate the remainder when 31 is divided by h.
7
Let w = -5070 - -5105. What is the remainder when 2587 is divided by w?
32
Let v(z) = -z**2 - 8*z - 10. Suppose -12*p - 21 = -777. What is the remainder when p is divided by v(-4)?
3
Suppose -5*o = -7*o - 164. Let b = o + 95. What is the remainder when 37 is divided by b?
11
Let q(a) = -3*a - 1. Let o = -18 + 3. What is the remainder when (1/(5/(-21)))/(3/o) is divided by q(-2)?
1
Suppose k - c - 3*c = -1053, -3*k + 5*c = 3194. Let t = 2133 + k. Suppose 0 = 30*z - 25*z - t. Calculate the remainder when z is divided by 43.
40
Let v be (-6)/(-15) - (-219)/15. Suppose 0 = -3*o + v. What is the remainder when 21/14*156/18 is divided by o?
3
What is the remainder when 96/30 + -3 - 6924/(-30) is divided by 116?
115
Let o = -34 + 0. Suppose -8*h = -9*h - 9. Let c = h - o. Calculate the remainder when 148 is divided by c.
23
Let s(a) = -a + 3. Let d be s(-1). Suppose d*c - 66 = 194. Suppose -5*b + c = -50. Calculate the remainder when b is divided by 12.
11
Suppose -8*p - 44 = -12*p. Suppose -3*n + p - 5 = 0. What is the remainder when 84 is divided by n + (-1 - -2) + 26?
26
Let g(q) = -16*q + 82. Let l(y) = 16*y - 79. What is the remainder when l(6) is divided by g(5)?
1
Suppose -3806*t + 1081 = -3783*t. What is the remainder when 57 is divided by t?
10
Let g(r) = -26*r + 2146. Suppose -16 = -2*p + n, -3*p - 3*n + 0*n + 6 = 0. Let u = 25 - p. Calculate the remainder when g(76) is divided by u.
18
Let g(w) = -5 + 3 + 5*w - 3. What is the remainder when g(6) is divided by (-1026)/(-78) + (-4)/26?
12
Let k(g) = -2*g**3 - 23*g**2 + 66*g - 7. Calculate the remainder when 103 is divided by k(-14).
5
Let j = -46 + 47. What is the remainder when ((-71 + 0)*j)/(3 + -4) is divided by 25?
21
What is the remainder when 9/(-19 - 107) - (-19307)/14 is divided by 14?
7
Let n(s) = -254 + s - 2*s**3 + 131 - 4*s**2 + 139. Let b be n(-5). Suppose -b = -4*f + t, 0 = 5*f - t + 71 - 273. What is the remainder when f is divided by 17?
7
Let z = -81 - -341. Suppose y - 205 - z = 2*d, -1390 = -3*y + 5*d. Calculate the remainder when y is divided by 38.
37
Calculate the remainder when 757 is divided by 23/((-2990)/(-20)) - 3274/(-13).
1
Suppose -z - i = -4*z + 10436, -4*z = i - 13910. Suppose -12*w = -z + 826. What is the remainder when w is divided by 32?
29
Suppose -3*r = -3*n + 231, 2*n - 17*r = -20*r + 184. What is the remainder when 1825 is divided by n?
82
Let f = 5364 + -5335. What is the remainder when 170 is divided by f?
25
Suppose -k = -71 + 1. Suppose -97*g - k = -99*g. What is the remainder when 68 is divided by g?
33
Let n(u) = -u**3 - 42*u**2 + 43*u + 6. Let y be n(-43). Suppose 3*x + h - 75 = 0, 3*x - y*x + h + 75 = 0. What is the remainder when x is divided by 6?
1
Let d(w) = -w**2 - 16*w + 3. Calculate the remainder when ((-104)/234*141)/((-5)/3 - -1) is divided by d(-13).
10
Let f(n) = -2*n**3 - 3*n**2 + 11*n + 7. Calculate the remainder when f(-4) is divided by 8 - (16 + -24 + 6/1).
3
Let b(i) be the third derivative of i**5/60 + i**4/12 - i**3/3 + 13*i**2. Let x(a) = -a**2 - 16*a - 6. Calculate the remainder when x(-13) is divided by b(-5).
7
Suppose -5*q - 72 - 83 = d, -3*d - 478 = 2*q. Let c = 290 + d. Let i = c + -100. What is the remainder when 56 is divided by i?
26
Let p = 2086 - 2083. Calculate the remainder when 1009 is divided by p.
1
Let t = -999 + 1095. Calculate the remainder when 10556 is divided by t.
92
Let p = -105 - -108. Let a be (-1)/p*0 + -2. What is the remainder when 63 is divided by (77/(-21))/(a/6)?
8
Let d = -639 + 672. Calculate the remainder when 554 is divided by d.
26
Let k(d) = 31 - 17*d - 14 - d**2 + 15. Calculate the remainder when k(-12) is divided by 5.
2
Let j(x) be the first derivative of x**4/4 - 20*x**3/3 + 39*x**2/2 - 20*x - 12. Calculate the remainder when j(18) is divided by 18.
16
Let n = 11592 - 11533. Calculate the remainder when 2366 is divided by n.
6
Let h(g) = 16339*g + 1 - 16355*g + 18. Let s(q) = q**2 - q + 26. What is the remainder when h(-2) is divided by s(0)?
25
Let t(l) = 8*l - 17. Let y be t(8). Suppose 0 = -5*u + 57 - y. Suppose 5*s = -u*k + 29, 6*k = k - 3*s + 101. Calculate the remainder when 40 is divided by k.
18
Suppose -11*b = -15*b + 4*h + 24, 3*h + 14 = 2*b. Suppose -14*m - b*i = -10*m - 284, -5*i - 315 = -5*m. What is the remainder when m is divided by 34?
33
What is the remainder when (-18)/2*((-3895)/57 - -29) is divided by 113?
15
Suppose -5*j + 113 = -137. Let p be j/14 + ((-6)/14)/(-1). What is the remainder when 38 is divided by (-1)/(248/(-336) + p/6)?
10
Let x = 46678 - 46673. Let h = -2 - -6. What is the remainder when x is divided by h?
1
Let z = -86 - -109. Suppose -z*t + 10979 + 11538 = 0. Calculate the remainder when t is divided by 98.
97
Let f = 5490 - 5336. Calculate the remainder when f is divided by (-104)/(-3) - 1/(-3).
14
Let w = -1998 + 2015. Calculate the remainder when 447 is divided by w.
5
Let z = -11438 + 13039. What is the remainder when z is divided by 271?
246
Let c(y) = -19*y**2 - 228*y - 2. What is the remainder when 3425 is divided by c(-6)?
15
Let h = 16434 + -16403. Calculate the remainder when 294 is divided by h.
15
Let t(k) = -k - 9. Let x be t(-5). What is the remainder when 3 + (-322)/(-10) - x/(-20) is divided by 8?
3
Suppose -x = -k - 4*x + 119, -4*x = 5*k - 562. Let q = -79 + k. What is the remainder when q is divided by (18/15)/(3/20)?
7
Calculate the remainder when (-29)/(5 + 1632/(-324)) is divided by 23.
1
What is the remainder when 2857 is divided by ((-96)/(-15))/((-64)/(-160)) - 1*5?
8
Let y = -112 - -22. What is the remainder when 87 is divided by y/4*(-24)/30?
15
Let h(t) = t**3 - 45*t**2 + 2*t - 63. Let l be (-12)/48 + (-21)/(-4) - -40. What is the remainder when 71 is divided by h(l)?
17
Suppose -33577 + 9443 = -22*d. Calculate the remainder when d is divided by 48.
41
Let p = -19 + 57. What is the remainder when -101*(-270)/145 + 4*(-13)/754 is divided by p?
36
Let j(f) = -5*f**2 + 18*f - 53*f - f**3 - 10 + 31*f. Suppose -5*x - k - 39 + 10 = 0, 5*x + 5 = 5*k. What is the remainder when 38 is divided by j(x)?
8
What is the remainder when 458 is divided by (-2526)/2105 + 1552/10 + 0?
150
Let k = 1 - 78. Let o be (594/k)/(1/(-7)). Sup